Let u = -1 - -5. Suppose 75 = -5*t - 5*a, 17 + 17 = -2*t - u*a. What is the units digit of t/(-5) + 4/10?
3
Let o = 24 - 21. Suppose 132 = o*b - 12. What is the tens digit of b?
4
Suppose h + x = -2, -5*x = -4*h - x - 40. Let n = h + 15. What is the units digit of n?
9
Suppose 0*s - 6 = -3*s. Let y = 15 - s. What is the units digit of y?
3
Suppose 6 - 16 = 5*i. Let p(o) = -o + 2. Let h be p(i). Let w = h + -1. What is the units digit of w?
3
Let h = 407 + -201. What is the hundreds digit of h?
2
Let w(v) = -v**2 + 7*v + 5. Let a = 13 - 6. What is the units digit of w(a)?
5
Let q(w) = 2*w - 6. Let i be (-3 - -3) + 3 + 6. What is the units digit of q(i)?
2
Let t = 181 + -102. What is the units digit of t?
9
Let m(b) = 3*b - 6. Let x be m(4). Suppose x*p - p = 0. What is the units digit of 1 + 1 + (-1 - p)?
1
Suppose -4 = -2*r - 0*r. What is the tens digit of (-2)/(r/(-1)) - -11?
1
Suppose -10 + 2 = -4*j. Suppose 16 = j*z - 18. What is the units digit of z?
7
Let c(g) be the third derivative of g**5/12 - 5*g**4/24 + g**3/3 + g**2. What is the units digit of c(3)?
2
Suppose 3*j - 112 + 43 = -o, 3*o - 177 = j. Suppose o = -l + 6*l. What is the tens digit of l?
1
Let f be ((-12)/16)/((-1)/72). Let y = -36 + f. What is the units digit of y?
8
Suppose 4*f - 4*t = -18 - 2, 4*f - 3*t + 22 = 0. Let k = -4 - f. Suppose 5*w = -k*z + 82, 28 = 2*w + 5*z - 20. What is the tens digit of w?
1
Suppose -3*n + 6*n = 216. Suppose 0 = -3*v - 0*v + n. What is the units digit of v?
4
Suppose -3*r + 2*r - l + 12 = 0, 12 = -r + 5*l. Suppose -r - 13 = 3*j. What is the units digit of j/(-4) - 1/(-4)?
2
Let f(w) = -w**3 - w**2 + 21. What is the units digit of f(0)?
1
Let g(r) = -r**2 - 2*r + 2. Let c be g(-3). Let y be c/2 + (-13)/(-2). Suppose -3*o = -5*o + y. What is the units digit of o?
3
Let w = 75 + -43. What is the units digit of w?
2
Let n be -1 + (11 + -2)/3. Let c(w) = -w + 4 + 0 + 0. What is the units digit of c(n)?
2
Let q = -33 + 49. What is the units digit of q?
6
Let r(z) = 7*z**2 - 2*z - 1. Let k be 3/6*-2 - 0. Let j be r(k). Let s(w) = -w**3 + 8*w**2 + w - 5. What is the units digit of s(j)?
3
What is the units digit of 303/2 + (-6)/(-12)?
2
Suppose -4*f + 33 = -2*d + 3*d, -5*f + 57 = -4*d. Suppose -3*x + 10 = -x - 4*u, f = 3*u. What is the tens digit of x?
1
Suppose 3*k + 174 = 5*k. What is the tens digit of k?
8
Let j = 5 + 3. What is the units digit of (20/j)/(2/4)?
5
Let b(u) = 11*u + 2*u**2 - 2 + 13*u - 17*u. What is the units digit of b(-5)?
3
Suppose i = -5, 2*i + i = -5*c + 1940. What is the hundreds digit of c?
3
Let c = -106 - -176. What is the units digit of c?
0
Let k(s) be the second derivative of 5*s**3/6 + s**2/2 + 3*s. Let b be 2*-1*1/(-2). What is the units digit of k(b)?
6
Let t(m) = 42*m. Let d be t(1). Let x = d - 28. What is the units digit of x?
4
Suppose l = -3*y + 4*y + 36, 4*y - 136 = -4*l. What is the tens digit of l?
3
Let a be ((-2)/(-2))/(3/84). Suppose -3*s + a = -s + 2*h, 5*h = 2*s. What is the tens digit of s?
1
Suppose -5*k + 10 = -65. Let j = -11 + k. What is the units digit of (4/2)/(j/8)?
4
Suppose 10*r - 11*r = -64. What is the units digit of r?
4
Suppose -42 = 5*q - 17. Let w be 2 - q/((-5)/6). What is the units digit of 1/(2 + 3 + w)?
1
Let q(c) = -c. Let x be q(4). Let g be 18*x*(-3)/9. Suppose -v = -3*v + g. What is the tens digit of v?
1
Let x = 98 - 59. What is the units digit of x?
9
Let z(a) = a**2 - 6*a + 3. Let g be 5/((-6)/(-4) + -1). What is the units digit of z(g)?
3
Suppose -3*y = n - 1, 0 = 5*y - 3*n - 17 - 8. Suppose y*z + 26 = 5*l - 2*z, -3*l - 2*z = -20. Suppose l*o - 20 = 4*o. What is the tens digit of o?
1
Let s be (-4)/(-22) + 62/22. Let g be (s/15)/(4/20). Suppose 0 = -v - g + 5. What is the units digit of v?
4
Let d(p) = 3*p**2 - 1. Let n be d(1). Suppose -9 = -n*y - y. What is the units digit of y?
3
Suppose 0 = -5*j - l + 73, 3*j + 2*l = 61 - 13. What is the units digit of j?
4
Let g = 5 - -2. What is the units digit of g?
7
Suppose -5*b - 5*f + 29 + 6 = 0, 2*f = 5*b - 49. What is the units digit of b?
9
Let b = 7 - -31. What is the units digit of b?
8
Suppose -g + 291 = 5*f - 2*g, 0 = 3*f - 2*g - 176. Suppose j - 30 = 4*l, 0 = -0*j + 3*j - 4*l - f. What is the units digit of j?
4
Let i(q) = 7*q - 2 - 1 + 2. What is the units digit of i(1)?
6
Let j be ((-2)/2 - -10) + 1. Let u(r) = -r**3 + 5*r**2 - 5*r - 3. Let x be u(4). Let z = j + x. What is the units digit of z?
3
Suppose -20 = -4*r, -y + 0*r - 5*r = -25. Suppose 3*i - 2*i - 62 = y. Suppose 0 = 5*o + 7 - i. What is the units digit of o?
1
What is the units digit of (1 - 3) + (2 - -8)?
8
Let t = 16 + -14. Let p = t + -1. What is the units digit of p?
1
Suppose -1 - 2 = -w. Suppose 3 + 3 = -j + w*i, 0 = 4*j - 2*i - 26. What is the units digit of j?
9
Let g(p) = p**2 + 5*p + 8. Let n = 36 - 12. Suppose 0 = -a + 5*a + n. What is the tens digit of g(a)?
1
Let x(r) = -4*r - 2. Let w be x(-2). Let s(g) = -2*g - 2. Let f be s(w). What is the units digit of 8/(-28) - 130/f?
9
Let b = -158 - -270. What is the tens digit of b?
1
What is the units digit of 5/(5/27) - -1?
8
Let q(o) = -o**2 - 18*o - 6. What is the tens digit of q(-16)?
2
Suppose 5*p = p + 868. Let k = p - 154. Suppose -3*j - 3*y = -k, -j + 3*y + 6 = -3. What is the units digit of j?
8
Let d = 9 - 3. Let l = -3 + d. Suppose -2*h + 4*t + 16 = -0*t, l*h - t - 14 = 0. What is the units digit of h?
4
Let v(p) = 4*p - 2*p + 1 + p**3 + 5*p**2 - 6*p. Let w be v(-5). What is the units digit of (3/(-2))/(w/(-28))?
2
Suppose 4 = -k - 2*v, 0 = k + 4*v + 12 - 0. Let g(d) = -d**3 - d**2 - d. Let b be g(-1). What is the units digit of 1*8 + (b - k)?
5
Let r(s) = -23*s**3 + s**2. Let g be r(-1). Suppose 0 = o + 3*o - g. Let d(j) = j**3 - 5*j**2 - 5*j + 3. What is the units digit of d(o)?
9
Suppose -2 = -4*b + 3*b. Suppose -89 = -3*x - b*t, -3*t = -8*t - 10. What is the units digit of x?
1
Let j(a) = -a**2 + 14*a - 19. What is the tens digit of j(10)?
2
Suppose 2234 - 778 = 14*a. What is the hundreds digit of a?
1
Let j(v) = 6*v**3 + 2*v**2 - v. What is the units digit of j(1)?
7
Let a(n) = 2*n**2 - n - 1. Let u be a(3). Let s = 2 - u. Let d = 17 + s. What is the units digit of d?
5
Suppose 0*u - u - 3 = 5*c, -4 = -2*u. Let o(b) = -3*b**3 - 1. What is the units digit of o(c)?
2
Let u(t) = t**2 + 13*t + 25. What is the tens digit of u(-14)?
3
Let k(l) = 31*l**3 - l**2. What is the units digit of k(1)?
0
Suppose 0 = -2*s - a + 3, -2*s - 2*a = -8. Let k(t) be the second derivative of -t**5/20 - t**3/3 - t**2/2 + t. What is the units digit of k(s)?
2
Let h(r) = -r**3 + 6*r**2 - 3*r - 5. Let y(t) = t**3 - t**2 + t - 1. Let j be y(2). What is the units digit of h(j)?
5
Suppose 5*o = 825 - 130. What is the units digit of o?
9
Let y(m) be the first derivative of -m**4/12 + m**3/2 + m**2/2 + 2*m - 1. Let k(r) be the first derivative of y(r). What is the units digit of k(3)?
1
What is the units digit of (-25)/10*(-21 - 1)?
5
Suppose -y + 0 = -3. Suppose -5 = -y*z + 13. What is the units digit of 10/6*z/2?
5
Let v be (6/(-4))/((-3)/(-12)). Let y(p) = -3*p - 5. Let n be y(-5). Let k = n + v. What is the units digit of k?
4
Suppose 0 = 4*q - 271 - 177. What is the units digit of q?
2
Let b(a) = 2*a**2 - 3. Suppose 5*n - 16 = 2*v, -n + 2 = v - 2*v. What is the tens digit of b(n)?
2
Let f be 2/6*(13 - 4). Let t be f - 1*(-32 - -3). What is the tens digit of (-1)/((-2)/t) - 0?
1
Suppose -2*r - 20 = -5*m, 0 = 4*m - r + 3 - 22. What is the units digit of m?
6
What is the units digit of -2 + (-2 + 12 - 0)?
8
Suppose t - 31 = -a, 2*a - 93 = -3*t + 5*a. What is the units digit of t?
1
Let c be (-3)/(-3)*2/(-1). What is the units digit of ((-23)/(-2))/(c/(-4))?
3
Suppose -2*z + 27 + 63 = 0. Suppose 2*v - v = z. Let y = 64 - v. What is the units digit of y?
9
Let w be (0/3 - 0)*1. Suppose k + 3*k + i = 17, -5*k + 16 = 3*i. Suppose -2*l = -w*l - k*u - 2, 0 = 5*l + u - 59. What is the units digit of l?
1
Let g(q) = 3*q**3 + 2*q**2 + 2*q - 1. What is the units digit of g(2)?
5
Let g(v) = -9 + 0*v - 2 + v. Let u be g(8). What is the units digit of 6 + u/(-6)*2?
7
Let i = -45 - -75. Suppose 0*d - i = -5*d. Let q = d + 4. What is the units digit of q?
0
What is the tens digit of (-13 + 15)*566/4?
8
Let z(x) = -x - 6. Let n(m) =